erivative of q**4/4 + q**3 - 13*q**2/2 + 11*q - 27. What is the remainder when 125 is divided by g(-5)?
21
Suppose -24*b + 5*b + 665 = 0. Calculate the remainder when 78 is divided by b.
8
Suppose 84 = 10*v - 8*v. Let f = -36 + v. Calculate the remainder when f is divided by 6 + (-1 + -1)*1.
2
Let m = 11 + -14. Let l be 1 - (-518 - (1 + m)). Suppose -93 = -5*q + l. What is the remainder when q is divided by 31?
29
Suppose 2*f - 211 = -127. Calculate the remainder when f is divided by 15.
12
Let a(l) = 4*l**2 + l + 2. Let c(m) = 1 + 3 - 2 + m + 3*m**2. Let z(h) = -4*a(h) + 6*c(h). What is the remainder when z(-4) is divided by 10?
8
Suppose 5*j + 180 = -195. Let l = -61 - j. Calculate the remainder when 55 is divided by l.
13
Suppose -x - 412 = 190. Calculate the remainder when x/(-6) - 10/(-15) is divided by 34.
33
Let q = 91 + -17. Suppose -4*y - 2*d + 723 = y, 3*d + 728 = 5*y. Suppose -2*o = 4*l - 70, y = 5*o + l + 3*l. Calculate the remainder when q is divided by o.
24
Let p be (-18)/4*(-8)/6. Let o = 4 + p. Let l(j) = 2*j + 73. Calculate the remainder when l(-18) is divided by o.
7
Let c = 4 - -1. Suppose 3*u = 2*b - 2*u - 85, -u = -c*b + 270. Suppose 3*d = 59 + b. Calculate the remainder when d is divided by 10.
8
Suppose 4*d - 68 = -4*x, 4*x - 5*d = 27 - 4. Let h be 1/2 + (-88)/(-16). What is the remainder when x is divided by 0 + 2 + (h - 0)?
4
Suppose 4*n = 2*n + 142. Let k = -51 + n. What is the remainder when 58 is divided by k?
18
Let u be (-32)/(-6) - 14/(-21). Let y(a) = 2*a + 5. Let c be y(u). Suppose o = -4*b + 43 + c, -b = -2*o - 6. What is the remainder when 55 is divided by b?
13
Let s(x) = 58*x - 852. What is the remainder when 475 is divided by s(15)?
7
Suppose 3*l = 5*l. Suppose 5*y + 15 = v - l*y, 4*v + y = 18. Suppose 50*a + 228 = 62*a. What is the remainder when a is divided by v?
4
Let k(h) = -2*h - 2. Let q be k(8). Calculate the remainder when 39 is divided by (-2)/(-6) + (-264)/q.
9
Let y(v) = -v + 4. Suppose -3*u - 6 + 70 = -2*h, 3*u = 4*h + 62. What is the remainder when u is divided by y(-9)?
9
Let q be 2/(-8)*-94*2. Let f = q - 42. What is the remainder when 49 is divided by f?
4
Let y(c) = c**3 - c**2 - 5*c + 3. Let r be y(3). Suppose -r - 6 = -4*t. What is the remainder when 57 is divided by -2*15*t/(-6)?
12
Let n = -61 + 125. Let p(k) = 7*k**2 + 14*k - 33. Calculate the remainder when n is divided by p(2).
18
Suppose 55 = k - 43. Let b = 173 - k. What is the remainder when b is divided by -2 - ((-52)/(2 + 0) - 2)?
23
Let b = 74 + -146. Calculate the remainder when 2 - ((-2)/(-9) - (-5272)/b) is divided by 20.
15
Let k = 11 + -6. Suppose -a + 5*a + 19 = k*o, 3*a - 3*o + 18 = 0. Let j = 30 + a. What is the remainder when j is divided by 12?
7
Let f be 2/(1 + -3)*-1. Suppose -s + 14 = -f. Let n = s + -10. Calculate the remainder when 29 is divided by n.
4
Suppose 4*x = 4*h - 96, 3*x + 28 = 31. Calculate the remainder when 144 is divided by h.
19
Let j(x) = x**2 - x + 3. Let z be j(2). Suppose -60 - 15 = -z*n + 5*w, -9 = -3*w. Let s(f) = 68*f. Calculate the remainder when s(1) is divided by n.
14
Let h(s) = -2*s + 114. Calculate the remainder when h(38) is divided by 7.
3
Suppose -4*c + 5*c = -3*z + 20, -c = -z - 20. Let g = c - -10. Calculate the remainder when 88 is divided by g.
28
Let c(d) = d**2 - 13*d + 65. Calculate the remainder when 39 is divided by c(8).
14
Suppose -3*v - 4*t = 4, 15 + 17 = 5*v - 3*t. Suppose 27 = v*d - 137. Calculate the remainder when d is divided by (-22)/(-6)*(-9)/(-3).
8
Suppose -4*z - u + 127 = 0, 0 = -4*z - 5*u + 45 + 94. What is the remainder when z is divided by 4?
3
Let i be 7/1*3 + 1. Let s = i + -9. Suppose -3*n + 12 = 0, 4*a - 4*n = 26 + 154. Calculate the remainder when a is divided by s.
10
Let f = 17 - 10. Let k = f - 10. Let a = 0 - k. What is the remainder when 4 is divided by a?
1
Let g(a) = a**3 - 7*a**2 - 6*a + 11. Suppose 0 = -5*w - 3*x + 70 - 18, -4*w = 5*x - 52. Calculate the remainder when g(w) is divided by 8.
3
Suppose -3 - 3 = -6*r. What is the remainder when 78 is divided by ((-100)/15)/1*(r + -4)?
18
Suppose -5*f = -2*f + 3*f. Suppose -6*n + n + 190 = f. What is the remainder when n is divided by ((-3)/2)/((-3)/40)?
18
Let q(f) = 2*f + 42. Calculate the remainder when 258 is divided by q(5).
50
Suppose -312*x + 310*x + 40 = 0. What is the remainder when 515 is divided by x?
15
Let b = 905 - 888. Calculate the remainder when 390 is divided by b.
16
Suppose 0 = -6*n - 5*n - 11. What is the remainder when (((-4)/6)/n)/((-2)/(-33)) is divided by 6?
5
Suppose -25*u + 21*u = -16. What is the remainder when 28 is divided by u/2 + (4 - 1)?
3
Suppose 10 = -r + 21. Let x = 18 - r. Suppose 60 = 12*h - x*h. Calculate the remainder when 47 is divided by h.
11
Suppose y - 6 = 4*y. Suppose 2*t - 5 - 1 = 0, 5*i = -4*t + 102. What is the remainder when y/((-1)/34*2) is divided by i?
16
Suppose 3 - 5 = -i. Suppose -i*p - p + 285 = 0. What is the remainder when p is divided by 16?
15
Let v be (-104)/(-65)*(-5)/2. Suppose -2*n + 3*z = 4*z + 1, 0 = n + 5*z + 14. Calculate the remainder when n is divided by (v/12)/((-1)/3).
0
Let y(u) = -6*u**2 + u + 7. Let p be y(6). Let k be p/(-42) - 1/(-6). Suppose k - 12 = -i. Calculate the remainder when 20 is divided by i.
6
Let s be ((-126)/12)/(6/8). Let b = 71 - s. Calculate the remainder when b is divided by (11/3)/(1/6).
19
Let z = 4 - 8. Let y be (z + -14)*(-2)/3. Suppose 0 = 5*q - 68 - y. Calculate the remainder when 46 is divided by q.
14
Suppose 52 = -2*u - 14. Let q = 21 + u. Let c = q + 28. Calculate the remainder when 61 is divided by c.
13
Suppose z + 3*z - 4*k = 536, -526 = -4*z - k. What is the remainder when 275 is divided by z?
11
Calculate the remainder when 12525/125 + 1/(-5) is divided by 35.
30
Let r be (1 - 2)/((-1)/(-86)). Let g = -3 - r. Calculate the remainder when g is divided by 22.
17
Suppose -4275 = -20*o - 25*o. Suppose -2*u = -4, -3*c + 0*u - 3*u = -54. Calculate the remainder when o is divided by c.
15
Suppose -13*o + 9*o = -12. What is the remainder when o - 1 - (-1 + -99 - -6) is divided by 25?
21
Let y be (-2)/1 - (1 + -15). Suppose 19*x = 16*x + y. What is the remainder when 22 is divided by x?
2
Calculate the remainder when 7/(-14)*-6 - 0 - -506 is divided by 10.
9
Let l = 163 + -90. Let y = l + 61. Calculate the remainder when y is divided by 17.
15
Let q(c) = 2*c**2 - 5*c - 2. Let k be (12/(-15))/(2/5). What is the remainder when 62 is divided by q(k)?
14
What is the remainder when 64 + 48/(-28)*14/(-4) is divided by 37?
33
Suppose -n + 19 = a, n = -5*a - 17 + 128. Calculate the remainder when 65 is divided by a.
19
Let x(d) = d**3 + 3*d**2 + 10*d - 43. Calculate the remainder when 478 is divided by x(3).
27
Let q = 29 - -26. Suppose -56*y + q*y + 33 = 0. Calculate the remainder when y is divided by 7.
5
Let f(h) = -4*h**3 + 2*h**2 - h + 3. Let l be f(5). Calculate the remainder when 12/(-42) + l/(-14) is divided by 12.
8
Let m(v) = -v**2 + 11*v - 5. Let u be m(9). Let r = -1 + u. Let d(t) = 2*t**2 - t - 3. What is the remainder when d(-4) is divided by r?
9
What is the remainder when 44 is divided by (-9)/(170/(-880) - (-4)/(-22))?
20
Let h(s) = s**3 + s + 35. Suppose 5*t - 2*t = 0. Suppose -j = -6*j - 4*n + 29, 2*n - 1 = -j. Calculate the remainder when h(t) is divided by j.
8
Suppose -21*m + 5*i = -17*m - 11, -24 = -5*m - 4*i. What is the remainder when 7/(3 - (-2)/(-1)) is divided by m?
3
Let a = -70 + -9. Let o = -41 - a. Calculate the remainder when o is divided by 14.
10
Let q(t) = t - 3. Let f be q(7). Suppose f*i + 0*i = 0. Suppose i = -2*h - 1 + 3. Calculate the remainder when h is divided by 1.
0
Let d be -176 + 1*2/(-2). Let j = d - -263. Suppose -4*q - j = -2*u, 2*u - 65 = 3*q + 20. Calculate the remainder when u is divided by 11.
8
Let m(p) = -p + 14. Let v(c) = 8*c - 15. Calculate the remainder when v(4) is divided by m(9).
2
Suppose 109*f = 89*f + 35620. What is the remainder when f is divided by 99?
98
Let d be ((-187)/(-3))/11 - 1/(-3). Suppose 0 = -d*i + 5*i + 46. What is the remainder when i is divided by 4?
2
Let b(d) = d**2 + 10*d - 8. Let h be b(-12). Let i = h + -12. Suppose -5*f + 33 = 3*z, -3*f + 44 = i*z + f. What is the remainder when 30 is divided by z?
8
Calculate t